 + 4 + u/(-2) is divided by 22.
17
Let c(l) = 187*l**2 + 9*l - 19. What is the remainder when c(2) is divided by 44?
43
Let c(n) = -5*n**3 + n**2 - 2. Let p = 79935 + -79903. What is the remainder when c(-2) is divided by p?
10
Let h(r) = 4*r**2 + 7*r + 15. Let w be h(8). Suppose 3*p + 4*y = w, -5*p + 545 = 5*y - y. Calculate the remainder when p is divided by 28.
25
Let c(u) = -u**2 - 9*u - 4. Let s be 176/(-28) + 2/7. Calculate the remainder when ((-25)/50 - -1)*44 is divided by c(s).
8
Let g(s) = -2*s**2 + s + 1. Let b be g(2). What is the remainder when 133 is divided by 2/b + (-685)/(-25)?
25
Suppose 0 = -2*s - 2*p + 46, 4*s + 7*p - 95 = 6*p. Calculate the remainder when 81 is divided by s.
9
Suppose -2*m + 54 - 16 = 0. Let z(x) be the first derivative of 3*x**2/2 - 41*x - 188. Calculate the remainder when 47 is divided by z(m).
15
Let d = -373 - -324. What is the remainder when 87 is divided by (4 - d/(-7)) + 25?
21
Let o = -304 + 182. Let s = o - -15. Let u = -55 - s. Calculate the remainder when u is divided by 14.
10
Let f be -3 + -3*12/(-18). Calculate the remainder when 25 is divided by ((-30)/4)/(f/4*6).
0
Let x = 223 + -206. Suppose 9*y - 5*y - 1560 = 0. What is the remainder when y is divided by x?
16
Suppose 5*p - 410 = 107 - 32. What is the remainder when 174 is divided by p?
77
Suppose 4*g - 21*n + 19*n - 172 = 0, 3*g + 3*n = 111. Suppose 6*m - 11*m + 60 = 0. What is the remainder when g is divided by (11 + -1)*m/30?
1
Let d(s) = s**2 + s - 15. Let v be d(-13). Suppose 10*q = 7*q + v. Let h(w) = -5*w - 79. What is the remainder when q is divided by h(-21)?
21
Let u be 8/(-14) + 80/140. Suppose u = -16*y + 10*y. Suppose 0 = -2*m - 6 - 4, -5*a + 4*m + 55 = y. What is the remainder when 17 is divided by a?
3
Let z = -11252 + 11809. Calculate the remainder when z is divided by 28.
25
Suppose 4*s - s - 939 = 192. What is the remainder when s is divided by 75?
2
Let m be (40/6 + -4 + -3)*-147. What is the remainder when 41 is divided by 471/21 + 28/m?
18
Let w(p) = -p**3 - 2*p**2 + 3*p + 21. Suppose 3*a + 20 = -a. Let u = a - -13. Calculate the remainder when w(0) is divided by u.
5
Let q(o) = -5*o + 26. Let c be q(-6). Let m = -54 + c. Suppose -4*g + u = -169, 2*g - m*u - 51 = g. What is the remainder when 244 is divided by g?
39
Let i(t) = -3 + 10*t + 3 - 2 + 1. Let c = 157 + -150. What is the remainder when i(2) is divided by c?
5
Suppose 0 = -10*o + 40. Suppose -4*f + 5*r + 52 = 0, -2*f = 4*r - 35 + 9. Calculate the remainder when 314/4 + 36/(-24) - o is divided by f.
8
Suppose -24*h = 445 - 1885. What is the remainder when 425 is divided by h?
5
Let x be -23 - (1 - (-3 - -3)). Let b be (x/(-9))/((-56)/57 - -1). Suppose -b = -5*a - 3*a. Calculate the remainder when 52 is divided by a.
14
Suppose 121*j - 22544 - 1185 + 5337 = 0. What is the remainder when j is divided by 37?
4
Let s be (-3105)/276*((-10)/(-6) + 1). What is the remainder when (s/(-3))/10 - (-70)/2 is divided by 13?
10
Let r = -4398 - -4480. Calculate the remainder when 350 is divided by r.
22
What is the remainder when 237/(4/20 + (-117)/(-90)) is divided by 38?
6
Let c(f) = f**2 - 347*f + 162. What is the remainder when 550 is divided by c(0)?
64
Let i = 8590 - 8496. Calculate the remainder when 670 is divided by i.
12
Let n(k) = 3685*k + 1850. What is the remainder when n(3) is divided by 28?
25
Let l be -2*7/(-56) + 646/8. Suppose -80*x + l*x - 60 = 0. Calculate the remainder when x is divided by 31.
29
Let a = 171 - 170. What is the remainder when 40/32 + (a - 358/(-8)) is divided by 12?
11
Calculate the remainder when 639 is divided by 13 - (-6 + 20) - -178.
108
Suppose -316 = -5*t - 2*k, -3*k - 16 = -3*t + 161. Calculate the remainder when 466 is divided by t.
32
Let o(m) = 3*m**2 - 162*m + 348. Suppose 3*c = -3*q + 417, 2*c = q - c - 135. What is the remainder when q is divided by o(52)?
30
Suppose -3*s = 6, -s = -3*v - 0*s + 8. What is the remainder when 63 is divided by ((-5)/((-15)/v))/(2/105)?
28
Suppose -6*x = -10 - 38. Suppose 38 = 4*p + 5*q - 2, 2*q + x = 0. Suppose -z - 3 + p = 0. Calculate the remainder when 38 is divided by z.
2
Let i be (-3)/((-9)/21) + 8/(-2). Suppose -4*o + 31 = 5*g, 2*o - i - 16 = g. Suppose -4*f - 42 = -5*f. What is the remainder when f is divided by o?
6
Suppose 7*m + 61 = 536 + 1156. Suppose 6*l - 130 = 4*l. Calculate the remainder when m is divided by l.
38
Suppose -3*t = t. Let f be (t/(-2))/(-3 + 6). Suppose 10*i - 39 - 131 = f. What is the remainder when 48 is divided by i?
14
Suppose -2*w - 70 = w + 4*t, 0 = -3*w + 3*t - 42. Let f = -16 - w. Suppose 4*g = v - 78 - 8, 386 = 5*v + f*g. Calculate the remainder when v is divided by 8.
6
Let d = -567 + 594. Calculate the remainder when 50 is divided by d.
23
Calculate the remainder when (-1)/((2/(-828))/((-1)/(-2))) is divided by 4.
3
Let w(x) = x + 1. Let c be w(4). Suppose -c*b + 26 = 1, -3*b = -2*l + 7. Let z = 3105 - 3095. What is the remainder when l is divided by z?
1
Suppose 5*n - k - 101 = 0, -2*k + 78 = 20*n - 16*n. What is the remainder when 2198 is divided by n?
18
Suppose -4*m + 25 = 5. Suppose 4 = -6*g + m*g. What is the remainder when 60 is divided by 34 + (-24)/16*g/(-6)?
27
Suppose -2*r + 2*g = 6*g, -4*g = 8. Suppose -2*b + 3*b - 4 = 0, -188 = -r*c + 2*b. Suppose 340 = 25*u - 5*u. What is the remainder when c is divided by u?
15
Let a(t) = 12*t + 5. Suppose 203 = -w - 4*i + 1201, -2*w = 2*i - 1966. Let q = w + -967. What is the remainder when a(4) is divided by q?
9
Suppose 5*x + 0*y = -3*y - 1105, 0 = -x + y - 229. Let t = x + 323. Calculate the remainder when t is divided by (54 - 44)*((-6)/(-4) - -1).
24
Let v = 18080 + -17796. What is the remainder when 374 is divided by v?
90
Suppose 5*w + 29*o - 475 = 24*o, 0 = o + 2. Calculate the remainder when w is divided by 37.
23
Suppose 0 = 2*w - 105 - 53. Suppose -4*x = -3*k - w, 0*x - 4*k + 100 = 4*x. Let z = -18 + x. What is the remainder when 6 is divided by z?
2
Let l be 2*6/(-8)*(-12256)/(-48). Let f = -377 - l. Calculate the remainder when 88 is divided by f.
4
Suppose n - 2*n - 2*n + 132 = 0. Calculate the remainder when 172 is divided by n.
40
What is the remainder when (543/9 - 1)/((-58)/(-87)) is divided by 40?
9
Let t be -1 + 5 - (11 - 17). Suppose -14*v + t = -9*v. Suppose s - 4*s + 18 = -2*i, 6 = v*i. What is the remainder when s is divided by 5?
3
Suppose 0 = -22*n + 6667 + 153. What is the remainder when n is divided by 5?
0
Suppose 0 = 8*r - 6*r - 4. Suppose 0 = w - 4, r*l + 0*w = 5*w - 14. Calculate the remainder when 10 is divided by l.
1
Suppose -x + 5 = 0, 3*c = -101*x + 105*x + 925. Calculate the remainder when c is divided by 110.
95
Suppose 1269 = 20*h - 23*h. Let v = 638 + h. Calculate the remainder when v is divided by 18.
17
Let x = 687 + -609. Let s = 1055 - 749. Calculate the remainder when s is divided by x.
72
Calculate the remainder when (-46)/(-69)*(9955/10 + -7) is divided by 6.
5
Suppose 368 + 96 = 4*u. Let n be 1/(435/(-220) - -2). Suppose d = -5*m + 6*m - n, 0 = m + d - 34. Calculate the remainder when u is divided by m.
38
Let w = 107585 + -107512. Calculate the remainder when w is divided by 12/18 - (-121)/3.
32
Suppose 28 = 2*f - 5*n - 9, 4*f + 4*n - 60 = 0. What is the remainder when 1722 is divided by f?
10
Let x = -34061 - -34092. What is the remainder when 3421 is divided by x?
11
Let k be ((-66)/(-198))/((-2)/486). Let z = 179 + k. What is the remainder when 276 is divided by z?
80
Suppose 4*f - 14*q + 11*q - 1328 = 0, -339 = -f - q. What is the remainder when f is divided by 233?
102
Suppose 9 = 8*i - 5*i. Suppose -2*n - 8*f + 93 = -5*f, 0 = -i*n - 2*f + 132. What is the remainder when 109 is divided by n?
25
Let o(z) = -617*z + 5577. What is the remainder when 18093 is divided by o(9)?
21
Suppose -6*h + 4*h - 4*x - 732 = 0, -3*x = 5*h + 1851. Let t = h - -424. Calculate the remainder when t is divided by 3.
1
Suppose -p - t + 3678 = 0, -2*p - 4*t + 2349 = -5011. What is the remainder when p is divided by 40?
36
Suppose 9203 = 23*s - 3194. Calculate the remainder when s is divided by 47.
22
Suppose -10*j - 11 = -61. Suppose 0 = -j*c - 7*c + 2844. What is the remainder when c is divided by 10?
7
Let f be 875 - -5 - (2/(-1))/2. Suppose -13*b + 4040 = f. Calculate 